 + (-1 - -2).
-5
7 + -4 + -15 + 6
-6
What is the value of -3 + (-5 - 5 - -8)?
-5
Calculate (-2 - -5) + -1 + 1.
3
What is the value of 2 - (1 - -1 - 5)?
5
Evaluate -2 - (-3 - (3 + 0 + -8)).
-4
(0 - (3 - 1 - 0)) + -3
-5
What is the value of (10 - 12) + -2 + 9 + 2?
7
What is -8 + -7 + 7 + 12?
4
(-1 - 0) + -1 + (12 - 6)
4
Calculate 11 + -2 - (-30 + 45).
-6
Calculate 0 + 0 + -12 + (-10 - -23).
1
What is -3 + 12 - 0 - (-1 + 1)?
9
Calculate -8 + 19 - (0 + 6).
5
Evaluate (3 - 6) + (-28 - -29).
-2
7 + (0 - (-2 - -4))
5
What is -7 + 3 + -4 + 4 - -2?
-2
Calculate (-2 - -5) + 0 + (-8 - -5).
0
What is the value of -3 + (-5 - (7 - 11)) - -9?
5
-7 - -2 - 2 - -14 - 9
-2
Evaluate (-28 - -25) + (11 - 1).
7
Evaluate (1 - -5 - (-19 + 21)) + -6.
-2
What is (-1 - 1) + -2 - -8?
4
What is the value of -6 + 11 - (-1 - 0)?
6
Calculate -1 - -7 - (4 + 1).
1
What is 1 + 4 - ((0 - 3) + 10)?
-2
1 - (3 + -3) - (3 - 0)
-2
What is the value of -1 + (-8 - (-5 - -4))?
-8
What is the value of -15 + 1 + 7 + 4?
-3
-1 - -1 - (-11 + 7 + 1)
3
Evaluate -6 + 22 - 6 - 14.
-4
Calculate (0 - -7) + 11 + (-4 - 11).
3
Evaluate (-7 - 0) + (4 - 0) + -1.
-4
Calculate (1 - -3) + -8 - -2.
-2
7 + (4 + -19 - -5)
-3
What is 60 + -65 - (-2 + 3 - 1)?
-5
Evaluate 1 - (2 + 4 + (-2 - -1)).
-4
Calculate (10 - 18 - -8) + 6.
6
What is the value of 1 + -4 - (19 - 23)?
1
-3 + 4 + -5 + 3 + -1
-2
Calculate -3 + 8 + 0 - 4 - 4.
-3
3 + 0 + 1 + 2
6
Evaluate 10 + (0 + -7 - -1).
4
Evaluate 20 + -23 - (1 - (-1 - -2)).
-3
What is the value of 5 + -4 + -2 + 5?
4
What is (0 - 2) + -6 - (-9 + 6)?
-5
Evaluate -3 + (-1 - -7) - (-3 + 1).
5
What is the value of (-2 + 6 - 4) + 1?
1
Evaluate -4 - (-6 + 3) - -6.
5
What is (-11 - 0) + -25 + 37?
1
Evaluate 6 - (-2 + (12 - 5)).
1
Evaluate 4 - (-3 - 1 - -3).
5
28 + -25 - (5 + -3)
1
Evaluate 8 + 8 - (4 + 2 + 2).
8
2 - (-3 + 6 - -4)
-5
-3 - -9 - (30 + -21)
-3
What is 9 + -2 + -1 + -1 - 7?
-2
-6 + (4 - -2) + -1 + 1
0
Evaluate 8 + -10 + 18 + (2 - 22).
-4
Calculate -4 + 2 + (4 - 1).
1
Evaluate 1 + 1 + (4 - 7) - -2.
1
Calculate 4 + (4 - 1) + -4.
3
What is the value of -6 - (1 - 4) - -1?
-2
Evaluate (-3 - -8) + (-2 - 0).
3
Evaluate (-5 - 2) + -4 + 10.
-1
2 + -11 + (-19 - -22)
-6
What is 9 + (1 - (10 + -1))?
1
(-2 - -15 - 13) + -4 + 1
-3
What is 3 + (-1 + 3 - 6)?
-1
Calculate 11 - (-6 + -3 - -25).
-5
What is (3 - -5) + -2 - (68 - 51)?
-11
What is (1 - -2 - 1) + 0?
2
What is (5 - (6 + -3)) + -4?
-2
What is 1 + -5 + (-8 + 11 - 1)?
-2
What is the value of -11 + 12 + -2 + (-2 - 1)?
-4
What is the value of 0 - -4 - (-21 + 24) - -2?
3
What is (-5 + 17 - 2) + -4 + -4?
2
Calculate 0 + -8 - (46 + -54).
0
